*g**2 - 6*g + 1. Let t(w) = 2*h(w) - 5*r(w). Suppose 7*l + 20 = 2*l. What is the units digit of t(l)?
6
Let t be 16/(-10)*100/(-8). Suppose -5*j + 2 = -3*o + 18, 0 = 2*o - j - t. Suppose -8 - o = -4*i. What is the units digit of i?
5
Suppose -2*g + 400 = 3*g. What is the tens digit of g?
8
Let u = 442 + -712. What is the tens digit of 2/4 + u/(-12)?
2
Let n be (-7)/3*3*-1. Let o(q) = -3*q - 15. Let s be o(-5). Let b = n + s. What is the units digit of b?
7
Let p(l) = l**2 - 10*l + 13. What is the tens digit of p(10)?
1
Let i = 5 + -1. Suppose -i = -3*f - 1. Let d = 4 - f. What is the units digit of d?
3
What is the units digit of 14 + 1 + (0 - 3)?
2
Let d = -63 + 101. What is the tens digit of d?
3
Suppose q = -n - 3, -5*n - 9 = 4*q + 1. Let s = n + 12. What is the tens digit of s?
1
Suppose 10 = -2*a + d, -2*d = 4*a - d + 32. Let s(x) = x**3 + 7*x**2 - 2*x + 10. What is the tens digit of s(a)?
2
What is the units digit of (0/1 - -2) + 0 + 252?
4
Let u(x) = x**3 + x**2 - 1. Let m(r) = -18*r**3 - r**2 + r + 3. Let b(z) = m(z) + 3*u(z). What is the units digit of b(-1)?
6
Suppose 14*o - 23*o + 1593 = 0. What is the hundreds digit of o?
1
Let j(h) = -29*h - 14. What is the units digit of j(-3)?
3
Let j(b) = b - 1. Let n be j(4). Suppose -o = n*o. Let y(x) = x + 4. What is the units digit of y(o)?
4
Suppose -h + 1 = -47. What is the units digit of h?
8
Let j(d) = 4*d**3 - 2*d - 1. Let z be j(-1). Let v(n) = -n**3 - 2*n**2 - n - 4. What is the units digit of v(z)?
8
Let b = 14 + -2. Let w = b - 9. What is the units digit of w?
3
Let g(k) = -k**3 - 7*k**2 + k + 9. Let o be g(-7). What is the units digit of 4/(-2) + 6/o?
1
Suppose 0 = -7*n + 52 + 11. What is the units digit of n?
9
Suppose -11 + 47 = -2*t. Let b = t - -38. What is the tens digit of b?
2
Suppose 0 = -3*p - p + 48. Suppose 0 = -5*l + 10, -p - 3 = -o - 3*l. What is the units digit of o?
9
Suppose -4*r + 2*r + 6 = 0. Suppose 2 = w - r. Suppose j - 5 = 0, -w*j = 5*i - 2*i - 55. What is the units digit of i?
0
Suppose -253 = -5*l - 4*p, 1 = 2*p + 7. Suppose 5*r = -4*x + l, -3 = r + 3*x - 7. What is the tens digit of r?
1
Let y(v) = -v**3 + v + 3. Let u be y(0). Let s(k) = 2*k**2 + 4*k - 3. Let d be s(-4). Suppose -a - d = -3*j - 4, -a = u. What is the units digit of j?
2
Suppose -2*s = 3*s - 5*h + 1955, -4*h - 758 = 2*s. What is the tens digit of ((-4)/6)/(6/s)?
4
Suppose 278 = 4*d - 202. Suppose x + 4*x = -d. Let q = 39 + x. What is the units digit of q?
5
Let h(t) be the second derivative of -t**5/20 - 2*t**4/3 - t**3 + 9*t**2/2 - t. Let g be h(-7). Suppose 0 = g*c - 3*c + 9. What is the units digit of c?
9
Let y(r) = r**2 - 8*r + 4. Let w(b) = b**2 + b - 5. Let a be w(-4). Let g be y(a). What is the tens digit of 10 + 3*g/(-9)?
1
What is the units digit of (8 + -11)*40/(-6)?
0
Let o(x) = 2*x - 9. Let w be o(7). Let s = w + -2. What is the units digit of s?
3
Let w(b) = -7*b + 31. What is the units digit of w(-8)?
7
Suppose -5*s - p = -35, 5*s + 5*p = s + 7. Suppose s*u = 4*u + 120. What is the units digit of u?
0
Suppose -3*w + 0*w + 147 = 0. What is the units digit of w?
9
Let i(t) = -t**2 + 10*t - 12. Let a be i(8). Suppose -6*j = -a*j - 10. What is the units digit of j?
5
Suppose 0 = 2*q + 2*m - 4, -2*q + 4*m + 3 + 1 = 0. Suppose 0 = 4*c - 2*r, 3*c = q*r - r. Suppose c = -3*y - y + 68. What is the tens digit of y?
1
Let n = 16 - 23. Suppose -19 - 23 = -3*g. Let m = g + n. What is the units digit of m?
7
Suppose 0 = 5*d + 10. Let v be -1*(1 - (-1 - d)). Suppose -5*z + 45 = -v*z. What is the units digit of z?
9
Suppose 0 = -2*n - 4*i + 44, 0*i = -2*n + 5*i + 71. What is the tens digit of n?
2
Suppose 0 = 3*p - 0*p - 6. Suppose -p*r = -15 - 9. What is the tens digit of r?
1
Let x = -6 - -1. Let c(z) = 2*z**2 + 3*z + 2. Let p be c(x). Suppose -5*t + 33 = -p. What is the tens digit of t?
1
Suppose 0 = -10*x + 318 + 512. What is the tens digit of x?
8
Let v(u) = u**2 + 7*u + 1. Let j be v(-6). Let b = 2 - j. What is the units digit of b?
7
Suppose 0 = -5*h + 4*h + 2*j - 5, 5*j = 3*h + 12. What is the tens digit of h/(-4) - 89/(-4)?
2
Let y(t) = -9*t - 4. What is the tens digit of y(-8)?
6
Let o be (-3 - -5) + 29 + -4. Suppose 2*q = o + 41. What is the units digit of q?
4
Let y(b) = -4*b**3 - 3*b**2 + b + 7. Let i(j) = j**3 + j**2 - j - 1. Let h(x) = 3*i(x) + y(x). What is the tens digit of h(-3)?
3
Let d(h) = -6*h**3 - 2*h**2 + h. Let w be d(-2). Let n = w - 22. What is the tens digit of n?
1
Suppose 4*p - 5*i = 6, 3*p - p - 2*i = 4. Suppose -4*b = -p*j + 8, -4*j + 14 = -3*b + b. What is the units digit of b?
3
Suppose 5*p + 0*q = 4*q + 22, -2*q - 8 = -2*p. Suppose 0 = -p*i + 2*i + 20. What is the units digit of i?
5
What is the units digit of (4 + -3 + 0)*53?
3
Let b(z) = -z**2 + 7*z + 10. Let j be b(9). Let n = 12 + j. What is the units digit of n?
4
Suppose 3*h = -5*z + 820, -z - h = h - 157. What is the hundreds digit of z?
1
Suppose 2*n - 4*n = -38. Suppose c = -0*c + 10. Let d = n - c. What is the units digit of d?
9
Let t(g) = -g**2 - 7*g + 7. Suppose 5*h - 2*h - 3*v + 21 = 0, 4*h = 2*v - 28. What is the units digit of t(h)?
7
Let r(o) = -o**3 - 7*o**2 + 8*o + 3. What is the units digit of r(-8)?
3
Suppose 3*n - 43 = 2*n. What is the tens digit of n?
4
Let v(g) = -2*g - 12. Let u be v(-8). Suppose w - 5*q = 23, 16 = u*w - 2*q - 4. What is the units digit of 55/4 + w/(-4)?
3
Let s(u) = 5*u**2 - 5*u + 17. What is the units digit of s(5)?
7
Let c = 39 + -27. What is the units digit of (-1 + -1)/(c/(-42))?
7
Let f be -11 + (0 + 1 - 3). Let q = 20 - f. What is the tens digit of q?
3
Let c = -3 - -1. What is the units digit of (1/c)/((-2)/12)?
3
Suppose 5*c - 575 = -0*c. Suppose -b - 4*b = -c. What is the units digit of b?
3
Suppose 3*b = -b - 24. What is the units digit of (-90)/(-24)*(-32)/b?
0
Let s(z) = -3*z**3 - 10*z**2 - 9*z + 8. Let b(o) = -o**3 + o. Let d(p) = 2*b(p) - s(p). Let n be d(-8). Suppose -3*f + n = f. What is the units digit of f?
8
Let l(h) = 12*h - 2*h**3 + 6*h**2 + 4*h**2 + h**3 + 2. Let i be (-16)/(-24) + 34/3 - 1. What is the units digit of l(i)?
3
Let s(d) = -d + 7. Let q be (-1)/(-3)*(-2 - 1). Let j = -1 - q. What is the units digit of s(j)?
7
What is the units digit of -1 - 3*(-4 - 0)?
1
Suppose 19*m - 90 = 14*m. What is the units digit of m?
8
Let p(n) = 2*n + 3. Let t be 11 + (9/(-3))/1. What is the units digit of p(t)?
9
Suppose -5*k + 34 = -0*k + r, -2*k = 4*r - 10. What is the units digit of k?
7
Suppose -3*a - 17 = -44. Suppose -25 = -2*x + a. What is the tens digit of x?
1
What is the tens digit of 1318/(-22)*-2 - 2/(-11)?
2
Let b(c) = 9*c**3 - c**2 + 2. What is the units digit of b(2)?
0
Let h = 2 - 0. Suppose 3*v - h*l = -0*l + 17, 0 = -5*v + 2*l + 27. Suppose v*i = -0*i + 30. What is the units digit of i?
6
Let r = -4 - -1. Let d = 11 - r. What is the tens digit of d?
1
Let w(j) = -16*j + 1. What is the units digit of w(-1)?
7
Let x(z) = -z**2 - 6*z - 6. Let m be x(-5). What is the units digit of 6 - (-1 - -1)/m?
6
Suppose 5*t - 70 = n + 23, 29 = t + 5*n. What is the units digit of t?
9
Suppose 4*o = -p + 519, 0 = 2*p + 3*p + 5. What is the units digit of o?
0
Let y(l) = l**3 + 10*l**2 + 9*l + 7. Let z be y(-9). Suppose -2*o = -z*o + 175. What is the units digit of o?
5
Suppose 2*q + o = q + 5, 0 = 3*q - 5*o + 9. Suppose 6*l + q*y = 3*l + 81, 2*l = 2*y + 64. What is the tens digit of l?
2
Suppose 0*x - 3380 = -20*x. What is the hundreds digit of x?
1
Let u(h) = -h**3 + 6*h**2 + 7*h + 3. Let y be u(7). Suppose 0 = -g + 2*g - y. What is the units digit of g?
3
Suppose -w - 2 = -0. Let v = w + 3. What is the tens digit of (-11)/(2/(-3 + v))?
1
Let r(n) = n**3 - 3*n**2 + 3. Let j be r(3). Suppose -i + 13 = -o + 2, -30 = -j*i + 2*o. What is the units digit of i?
8
Let o be 2/1*3/2. Let k be 11/o + (-3)/(-9). Suppose a - 6 = -2*y, -k*y + 10 = y + 5*a. What is the units digit of y?
4
Let a(m) = -4*m + 19. Let r be a(-10). Let g = -15 + r. What is the tens digit of g?
4
Let o(p) be the third derivative of p**6/360 - p**5/40 + p**4/24 + p**3/6 + 2*p**2. Let t(j) be the first derivative of o(j). What is the units digit of t(4)?
5
Suppose -3*n = 2*f - 4, 5*n + 4*f + 4 = 2*n. Suppose -54 = c - n*c. Suppose 5*v = -k + 2*k + c, k = -v + 6. What is the units dig